{"id":20,"date":"2022-06-07T10:22:24","date_gmt":"2022-06-07T10:22:24","guid":{"rendered":"https:\/\/www.hedimevet.de\/hedimevet\/?page_id=20"},"modified":"2022-08-24T10:46:51","modified_gmt":"2022-08-24T10:46:51","slug":"about","status":"publish","type":"page","link":"https:\/\/www.hedimevet.de\/hedimevet\/about\/","title":{"rendered":"About"},"content":{"rendered":"\n<div class=\"wp-container-3 wp-block-columns\">\n<div class=\"wp-container-1 wp-block-column\" style=\"flex-basis:66.66%\">\n<p>Four partner schools from Germany, Croatia, Norway and Slovenia set out on a joint path of research on caring for the healthy life of young people in the digital age.<\/p>\n\n\n\n<p>Partner schools:<\/p>\n\n\n\n<ul><li><a href=\"https:\/\/www.rbz-wirtschaft-kiel.de\/\" data-type=\"URL\" data-id=\"https:\/\/www.rbz-wirtschaft-kiel.de\/\">RBZ Wirtschaft Kiel<\/a><\/li><li><a href=\"http:\/\/gogss.hr\/\" data-type=\"URL\" data-id=\"http:\/\/gogss.hr\/\">\u0160kola za dizajn, grafiku i odr\u017eivu gradnju<\/a><\/li><li><a href=\"https:\/\/www.ssom.si\">Srednja \u0161ola za oblikovanje Maribor<\/a><\/li><li><a href=\"https:\/\/www.gjovik.vgs.no\/\">Gj\u00f8vik videreg\u00e5ende skole<\/a><\/li><\/ul>\n\n\n\n<p>Project duration: September 1, 2019 &#8211; August 31, 2021, due to Covid-19 situation extended to August 31, 2022.<\/p>\n\n\n\n<p>The aim of the project is the joint work of students and professionals in the field of health and sports, the preparation of instructions for exercise exercises as a prevention in the professional field.<\/p>\n\n\n\n<p>Activities and products: mobility, on-line meetings, discussions, posters, films, applications<\/p>\n\n\n\n<p><\/p>\n<\/div>\n\n\n\n<div class=\"wp-container-2 wp-block-column\" style=\"flex-basis:33.33%\"><style type=\"text\/css\">\r\n       .errordiv { padding:10px; margin:10px; border: 1px solid #555555;color: #000000;background-color: #f8f8f8; width:500px; }#advanced_iframe {visibility:visible;opacity:1;vertical-align:top;}.ai-info-bottom-iframe { position: fixed; z-index: 10000; bottom:0; left: 0; margin: 0px; text-align: center; width: 100%; background-color: #ff9999; padding-left: 5px;padding-bottom: 5px; border-top: 1px solid #aaa } a.ai-bold {font-weight: bold;}#ai-layer-div-advanced_iframe p {height:100%;margin:0;padding:0}\r\n  .ai-fullscreen {\r\n    position:fixed;\r\n\tz-index:9000 !important;\r\n\ttop:0px !important;\r\n\tleft:0px !important;\r\n\tmargin:0px !important;\r\n\twidth:100% !important;\r\n\theight:100% !important;\r\n  }<\/style><script type=\"text\/javascript\">var ai_iframe_width_advanced_iframe = 0;var ai_iframe_height_advanced_iframe = 0;function aiReceiveMessageadvanced_iframe(event) {  aiProcessMessage(event,\"advanced_iframe\", \"true\");}if (window.addEventListener) {  window.addEventListener(\"message\", aiReceiveMessageadvanced_iframe);} else if (el.attachEvent)  {  el.attachEvent(\"message\", aiReceiveMessageadvanced_iframe);}var aiIsIe8=false;var aiOnloadScrollTop=\"true\";var aiShowDebug=false;\r\n\t\tif (typeof aiReadyCallbacks === 'undefined') {\r\n\t\t\tvar aiReadyCallbacks = [];  \r\n\t\t} else if (!(aiReadyCallbacks instanceof Array)) {\r\n\t\t\tvar aiReadyCallbacks = [];\r\n\t\t}    function aiShowIframeId(id_iframe) { jQuery(\"#\"+id_iframe).css(\"visibility\", \"visible\");    }    function aiResizeIframeHeight(height) { aiResizeIframeHeight(height,advanced_iframe); }    function aiResizeIframeHeightId(height,width,id) {aiResizeIframeHeightById(id,height);}<\/script><iframe id=\"advanced_iframe\"  name=\"advanced_iframe\"  src=\"https:\/\/www.hedimevet.de\/hedimevet\/how-to-live-healthy-in-digital-times-for-media-vet-learners\/\"  width=\"100%\"  height=\"600\"  frameborder=\"0\"  allowtransparency=\"true\"  loading=\"lazy\"  style=\";width:100%;height:600px;\" ><\/iframe><script type=\"text\/javascript\">var ifrm_advanced_iframe = document.getElementById(\"advanced_iframe\");var hiddenTabsDoneadvanced_iframe = false;\r\nfunction resizeCallbackadvanced_iframe() {}<\/script><script type=\"text\/javascript\"><\/script><\/div>\n<\/div>\n\n\n\n<p>Students divided into groups consisting of students from different countries exchange thoughts, ideas, communicate and, above all, bring the idea to the final product at each joint meeting or.&nbsp;mobility according to the assigned topic.<\/p>\n\n\n\n<p><strong>IMPORTANCE OF PARTICIPATION IN THE STUDENT PROJECT<\/strong><\/p>\n\n\n\n<p>Each student who will be actively involved in at least 80% in the project activities from the beginning to the end receives a&nbsp;<strong>CERTIFICATE OF PARTICIPATION IN THE INTERNATIONAL PROJECT HeDeMi VET within the ERASMUS + strategic partnerships projects<\/strong><\/p>\n\n\n\n<p><strong>The certificate is important because:<\/strong><\/p>\n\n\n\n<ul><li>advantage and reference in competitiveness in job search in both domestic and foreign markets;<\/li><li>added value on the Europass certificate at the end of school at S\u0160OM;<\/li><li>demonstrates the ability to communicate in a foreign language and the ability to work with foreign language business partners;<\/li><li>demonstrates the ability to work with ICT tools both remotely (online) and &#8220;live&#8221;;<\/li><li>demonstrates the ability to work in a team and the ability to create synergistic effects;<\/li><li>new acquaintances and friendships.<\/li><\/ul>\n\n\n\n<figure class=\"wp-container-5 wp-block-gallery-4 wp-block-gallery has-nested-images columns-default is-cropped\"><\/figure>\n\n\n\n<div style=\"height:40px\" aria-hidden=\"true\" class=\"wp-block-spacer\"><\/div>\n\n\n\n<hr class=\"wp-block-separator has-alpha-channel-opacity\"\/>\n\n\n\n<p>Read more about our project in the article <a href=\"https:\/\/dalmatinskiportal.hr\/vijesti\/erasmus-k2-projekt--zdrav-zivot-medijskih-tehnicara-u-digitalnoj-eri\/136257\">here<\/a>.<\/p>\n\n\n\n<div style=\"height:100px\" aria-hidden=\"true\" class=\"wp-block-spacer\"><\/div>\n\n\n\n<p>Video of How to live healthy in digital times for media VET learners<\/p>\n\n\n\n<figure class=\"wp-block-embed is-type-video is-provider-youtube wp-block-embed-youtube wp-embed-aspect-16-9 wp-has-aspect-ratio\"><div class=\"wp-block-embed__wrapper\">\n<iframe loading=\"lazy\" title=\"How to live healthy in digital times for media VET learners?\" width=\"930\" height=\"523\" src=\"https:\/\/www.youtube.com\/embed\/k-T-JcKLA4M?start=5&#038;feature=oembed\" frameborder=\"0\" allow=\"accelerometer; autoplay; clipboard-write; encrypted-media; gyroscope; picture-in-picture\" allowfullscreen><\/iframe>\n<\/div><\/figure>\n\n\n\n<div style=\"height:100px\" aria-hidden=\"true\" class=\"wp-block-spacer\"><\/div>\n\n\n\n<figure class=\"wp-block-image size-large\"><img loading=\"lazy\" width=\"1024\" height=\"215\" src=\"https:\/\/www.hedimevet.de\/hedimevet\/wp-content\/uploads\/2022\/08\/DE_Kofinanziert_von_der_Europaeischen_Union_PANTONE-2-1024x215.jpg\" alt=\"\" class=\"wp-image-2271\" srcset=\"https:\/\/www.hedimevet.de\/hedimevet\/wp-content\/uploads\/2022\/08\/DE_Kofinanziert_von_der_Europaeischen_Union_PANTONE-2-1024x215.jpg 1024w, https:\/\/www.hedimevet.de\/hedimevet\/wp-content\/uploads\/2022\/08\/DE_Kofinanziert_von_der_Europaeischen_Union_PANTONE-2-300x63.jpg 300w, https:\/\/www.hedimevet.de\/hedimevet\/wp-content\/uploads\/2022\/08\/DE_Kofinanziert_von_der_Europaeischen_Union_PANTONE-2-768x161.jpg 768w, https:\/\/www.hedimevet.de\/hedimevet\/wp-content\/uploads\/2022\/08\/DE_Kofinanziert_von_der_Europaeischen_Union_PANTONE-2-1536x322.jpg 1536w, https:\/\/www.hedimevet.de\/hedimevet\/wp-content\/uploads\/2022\/08\/DE_Kofinanziert_von_der_Europaeischen_Union_PANTONE-2-2048x430.jpg 2048w\" sizes=\"(max-width: 1024px) 100vw, 1024px\" \/><\/figure>\n","protected":false},"excerpt":{"rendered":"<p>Four partner schools from Germany, Croatia, Norway and Slovenia set out on a joint path of research on caring for the healthy life of young people in the digital age. Partner schools: RBZ Wirtschaft Kiel \u0160kola za dizajn, grafiku i odr\u017eivu gradnju Srednja \u0161ola za oblikovanje Maribor Gj\u00f8vik videreg\u00e5ende skole Project duration: September 1, 2019 [&hellip;]<\/p>\n","protected":false},"author":1,"featured_media":0,"parent":0,"menu_order":0,"comment_status":"closed","ping_status":"closed","template":"","meta":[],"_links":{"self":[{"href":"https:\/\/www.hedimevet.de\/hedimevet\/wp-json\/wp\/v2\/pages\/20"}],"collection":[{"href":"https:\/\/www.hedimevet.de\/hedimevet\/wp-json\/wp\/v2\/pages"}],"about":[{"href":"https:\/\/www.hedimevet.de\/hedimevet\/wp-json\/wp\/v2\/types\/page"}],"author":[{"embeddable":true,"href":"https:\/\/www.hedimevet.de\/hedimevet\/wp-json\/wp\/v2\/users\/1"}],"replies":[{"embeddable":true,"href":"https:\/\/www.hedimevet.de\/hedimevet\/wp-json\/wp\/v2\/comments?post=20"}],"version-history":[{"count":10,"href":"https:\/\/www.hedimevet.de\/hedimevet\/wp-json\/wp\/v2\/pages\/20\/revisions"}],"predecessor-version":[{"id":2272,"href":"https:\/\/www.hedimevet.de\/hedimevet\/wp-json\/wp\/v2\/pages\/20\/revisions\/2272"}],"wp:attachment":[{"href":"https:\/\/www.hedimevet.de\/hedimevet\/wp-json\/wp\/v2\/media?parent=20"}],"curies":[{"name":"wp","href":"https:\/\/api.w.org\/{rel}","templated":true}]}}